ppose -b = 5, -2*v - 5*b + 31 = -4*b. Suppose 0 = -8*j + 7*j - 12. What is the remainder when (j/10)/(9/(-240)) is divided by v?
14
Let t = 70 + 16. Let v = t + -54. Calculate the remainder when 254 is divided by v.
30
Suppose -2*j = -j + 4*w - 44, -135 = -5*j - 3*w. Calculate the remainder when 91 is divided by j.
19
Let b = -225 - -280. What is the remainder when b is divided by 15?
10
Suppose 5*a + 2*n = 67, 5*a + 10*n - 70 = 5*n. Calculate the remainder when 42 is divided by a.
3
Let v = 10 + 0. Suppose 316 = 4*k - 2*i, 380 = 57*k - 52*k + 5*i. What is the remainder when k is divided by v?
8
Suppose -2*f = f - 18. Suppose -10*s + 503 + 57 = 0. Let h = s + -36. Calculate the remainder when h is divided by f.
2
Let t = -11 - -14. Let i(o) = -6*o**3 - o**2 + 1. What is the remainder when i(-1) is divided by t?
0
Let f = 197 - 186. Calculate the remainder when 1693 is divided by f.
10
Let r(l) = l**3 + 6*l**2 - l - 3. Let h be r(-6). Suppose 11 - h = -4*k. Calculate the remainder when 130 is divided by 2/(-6*k/198).
31
Suppose -3*q + 8 + 103 = 0. Let b = -30 + q. What is the remainder when 19 is divided by b?
5
Let f(z) = 53*z + 41. Calculate the remainder when f(3) is divided by 51.
47
Let v be 0 - (0 - -3) - -6. Suppose 4*u + y - 1519 = 0, 366 = 4*u - 3*u + v*y. Calculate the remainder when u is divided by 48.
45
Let g(q) = -q**3 + 8*q + 26. Calculate the remainder when g(-4) is divided by 12.
10
Suppose 3*v = o + 36, 0 = -4*v - 7*o + 6*o + 48. Calculate the remainder when 22 is divided by v.
10
Let d = 1 + 4. Suppose 18*i = d*i + 741. What is the remainder when i is divided by 29?
28
Let h(p) = 5*p - 30. Calculate the remainder when h(14) is divided by 13.
1
Suppose 5*k - 2 - 13 = 0. Suppose -k*i = 2*i - 260. Suppose -5*w + 3 = -i. What is the remainder when w is divided by 7?
4
Calculate the remainder when 368/2 - (-58 - -57) is divided by 62.
61
Let m = -95 + 180. Let z(h) = -3*h - 2. Calculate the remainder when m is divided by z(-8).
19
Let d be (-2)/(-3)*(-525)/(-28)*2. Suppose -3*q - 2*w + 40 = 0, -q - 3*w = -0*w - d. Calculate the remainder when 16 is divided by q.
6
Let d = 27 - 25. Suppose -g = d*j - 3, 4*g + 3*j - 2*j = 33. Calculate the remainder when 16 is divided by g.
7
Calculate the remainder when 3192/36 - (28/(-12) - -2) is divided by 74.
15
Let z(k) be the second derivative of k**4/4 - 2*k**3/3 + 16*k. What is the remainder when 7 is divided by z(2)?
3
Let l(h) = 7*h**3 - 2*h**2 + 2*h + 1. Let s be -2 - (-7 + 3)/1. What is the remainder when l(s) is divided by 7?
4
Let j = -580 + 3776. What is the remainder when j is divided by 78?
76
Let d(g) = 3 - 7*g + 66*g**2 - 4 + 3*g + 5*g. Let h be d(2). Suppose 0 = 6*s - s - h. What is the remainder when s is divided by 18?
17
Suppose -66*p + 128 = -62*p. Calculate the remainder when p is divided by 21.
11
Suppose 0 = -5*h + 4*v + 2549, -4*h - 5*v - 1400 = -3431. Suppose -5*z + h = y + 103, 3*y - 327 = -4*z. What is the remainder when z is divided by 28?
25
Suppose -50*f + 84 = -44*f. What is the remainder when 23 is divided by f?
9
Suppose -3*c - 96 = -3*z, -8*c + 12*c + 29 = z. What is the remainder when z is divided by 9?
6
Suppose 10 = -5*k, -8*a = -5*a - 3*k - 75. Calculate the remainder when 43 is divided by a.
20
Suppose 128*a - 125*a - 45 = 0. Calculate the remainder when 523 is divided by a.
13
Suppose 15*i - 11*i + 564 = 0. Let c = i + 211. Calculate the remainder when c is divided by 36.
34
Suppose -3*b = 12, -5*y + 0*b - b = -106. Let i(l) = 2*l**2 + 2*l - 9. What is the remainder when y is divided by i(-4)?
7
Let y be ((-433)/2)/1 + (-11)/22. Let h = 347 + y. Calculate the remainder when h is divided by 33.
31
Let d(m) = -1 - m - 31*m**3 - 4*m**2 + 5*m**2 + 43*m**3. Calculate the remainder when 54 is divided by d(1).
10
Let q = -1675 - -1693. What is the remainder when (-1 - -1) + (-250)/(-2) is divided by q?
17
Let g = -40 - -75. Let h(o) = -49 - 2*o + 28 + 27. What is the remainder when g is divided by h(-6)?
17
Let h = 10 - 8. Suppose -5 = 3*m + h*m. What is the remainder when 12 is divided by (-7)/(m - 0/(-3))?
5
Let z(u) be the first derivative of u**4/2 - u**3/3 - u**2 + 61*u - 30. Calculate the remainder when z(0) is divided by 22.
17
Let l = 62 - 40. Let t(d) = -2*d + 29. What is the remainder when t(-17) is divided by l?
19
Suppose 442 - 1905 = -7*x. Calculate the remainder when x is divided by 8.
1
Suppose 8 = -2*r - 2. Let f(c) = c**3 - 9*c**2 + 15*c - 3. Let i be f(7). Calculate the remainder when 27 is divided by (i + -5)*(r + -1).
3
Let h(v) be the second derivative of -5*v**4/12 - v**2/2 - 10*v. Let o be h(1). What is the remainder when (o/(6/(-7)))/1 is divided by 5?
2
Suppose 10*u = -12 + 62. Suppose u*v - 935 = 2*f, v = -5*f + 243 - 56. Calculate the remainder when v is divided by 38.
35
What is the remainder when (2032/48)/(-2 - 21/(-9)) is divided by 64?
63
Let a = -2137 - -2810. What is the remainder when a is divided by 9?
7
Suppose 5*l + 5 = -0*l, 3*t - l - 7 = 0. Let k(g) = 0*g + 2*g**2 - t*g + 2 - 3*g**2 + 15*g**2. Calculate the remainder when k(2) is divided by 14.
12
Suppose 7*p + 84 = 13*p. Calculate the remainder when p is divided by 6.
2
What is the remainder when 15288/468 - (8/(-6))/1 is divided by 10?
4
What is the remainder when 76 is divided by 1/(-3 + (-336)/(-111))?
2
Let m = 706 - 674. Calculate the remainder when 89 is divided by m.
25
Let b(z) = 3*z - 32. Let l(h) = 22*h**2 + 3*h + 3. Let i be l(-2). Suppose 3*w + 34 = i. What is the remainder when w is divided by b(14)?
7
Let y = 219 + -204. Calculate the remainder when y is divided by 10.
5
Suppose -q - 112 = -5*h, -2*q - 89 = -4*h - 3. Suppose -4*r = -5*r + 5*u + 24, 0 = -2*r - 2*u + 96. Calculate the remainder when r is divided by h.
21
Let c(q) = -q**3 - 26*q**2 - 27*q + 34. Calculate the remainder when 241 is divided by c(-25).
73
Suppose 3*r + 109 = k, -5*r - 307 = 3*k - 6*k. What is the remainder when k is divided by 32?
30
Let t(o) = -o. Suppose 8*x + 60 = 12. Calculate the remainder when t(x) is divided by 2.
0
Suppose 5*r = 4 + 131. Suppose -h + 5*y + 345 = 4*h, -110 = -2*h - 5*y. Let z = r + h. What is the remainder when z is divided by 24?
20
Let f(y) = -y**3 + 4*y**2 - 2*y. Let m be f(2). Calculate the remainder when (m - (8 + -4)) + 21 is divided by 11.
10
Suppose -19*i + 95 + 57 = 0. Calculate the remainder when 117 is divided by i.
5
Let z be (-650)/10 + (-1*4)/2. Calculate the remainder when 0 + -1 + 3/((-3)/z) is divided by 23.
20
Suppose 4*f = 4*b + 12, -39 = -3*f - 0*f - 3*b. Let m = 2 - -16. Calculate the remainder when 1/4 - (-406)/f is divided by m.
15
Suppose 0*t - 486 = -27*t. Calculate the remainder when 989 is divided by t.
17
Suppose -4 = -p + 3. Suppose -p*o = -5 - 51. Calculate the remainder when 20 is divided by o.
4
Suppose 16*w - 6992 = -7*w. Calculate the remainder when w is divided by 61.
60
Suppose 4*u - 8 = 12. Let h = u + 0. Calculate the remainder when 19 is divided by h.
4
Let g be -21 + (1 + 0)*0. Calculate the remainder when (1134/(-84))/((-3)/6) is divided by 0 - (-1)/((-3)/g).
6
Let o = 607 - 352. Calculate the remainder when o is divided by 32.
31
Suppose 6*v + 8*v = 728. Suppose 0 = -14*h + 74 + v. What is the remainder when 14 is divided by h?
5
Suppose -21 = -2*o - 69. Let b be 18/4*o/18. Let i(z) = z**2 + 2*z + 9. Calculate the remainder when i(b) is divided by 9.
6
Let g(s) = -2*s - 1. Suppose 216 = 12*c - 8*c. Calculate the remainder when c is divided by g(-6).
10
Let b(t) = t**2 - 18*t + 250. What is the remainder when b(19) is divided by 18?
17
Suppose 0 = 3*y - y + 10, -4*z - y - 17 = 0. Let l(s) = s**3 + 4*s**2 + 2*s + 8. Suppose 0 = f - 5*f + 28. Calculate the remainder when l(z) is divided by f.
4
What is the remainder when 130 is divided by (-4 + 28/(-35))*(-10)/4?
10
Suppose -2*d = -u - 4*d - 2, -u - d - 2 = 0. Let z = u - -29. Calculate the remainder when 53 is divided by z.
26
Let k be (15/6 + 2)/(1/(-16)). What is the remainder when 4/k*-3 - 2482/(-12) is divided by 35?
32
Let j = -98 - -100. Suppose -r + 64 = j*o, -5*o + 3*r + 38 = -133. What is the remainder when o is divided by 14?
5
Let x(v) = v**2 + 16*v - 34. Let u be x(-18). Let z(h) = -h + 2. Let i be z(1). Calculate the remainder when (-147)/(-14) + i/u 